{"id":110,"date":"2026-01-08T18:04:38","date_gmt":"2026-01-08T17:04:38","guid":{"rendered":"https:\/\/sczernohorsky.hak-digital.at\/?post_type=product&#038;p=110"},"modified":"2026-01-08T18:16:09","modified_gmt":"2026-01-08T17:16:09","slug":"bluse-nach-mass","status":"publish","type":"product","link":"https:\/\/sczernohorsky.hak-digital.at\/?product=bluse-nach-mass","title":{"rendered":"Bluse nach Ma\u00df"},"content":{"rendered":"<p>Damen f\u00fchlen sich bei uns wohl. Neben Hemden geh\u00f6ren ma\u00dfgeschneiderte Blusen aller Gr\u00f6\u00dfen zu unserem Angebot.<\/p>\n","protected":false},"excerpt":{"rendered":"<p>Damen f\u00fchlen sich bei uns wohl. Neben Hemden geh\u00f6ren ma\u00dfgeschneiderte Blusen aller Gr\u00f6\u00dfen zu unserem Angebot.<\/p>\n","protected":false},"featured_media":115,"comment_status":"open","ping_status":"closed","template":"","meta":{"neve_meta_sidebar":"","neve_meta_container":"","neve_meta_enable_content_width":"off","neve_meta_content_width":100,"neve_meta_title_alignment":"","neve_meta_author_avatar":"","neve_post_elements_order":"","neve_meta_disable_header":"","neve_meta_disable_footer":"","neve_meta_disable_title":""},"product_brand":[],"product_cat":[15],"product_tag":[],"class_list":{"0":"post-110","1":"product","2":"type-product","3":"status-publish","4":"has-post-thumbnail","6":"product_cat-unkategorisiert","8":"first","9":"instock","10":"taxable","11":"shipping-taxable","12":"purchasable","13":"product-type-variable"},"_links":{"self":[{"href":"https:\/\/sczernohorsky.hak-digital.at\/index.php?rest_route=\/wp\/v2\/product\/110","targetHints":{"allow":["GET"]}}],"collection":[{"href":"https:\/\/sczernohorsky.hak-digital.at\/index.php?rest_route=\/wp\/v2\/product"}],"about":[{"href":"https:\/\/sczernohorsky.hak-digital.at\/index.php?rest_route=\/wp\/v2\/types\/product"}],"replies":[{"embeddable":true,"href":"https:\/\/sczernohorsky.hak-digital.at\/index.php?rest_route=%2Fwp%2Fv2%2Fcomments&post=110"}],"wp:featuredmedia":[{"embeddable":true,"href":"https:\/\/sczernohorsky.hak-digital.at\/index.php?rest_route=\/wp\/v2\/media\/115"}],"wp:attachment":[{"href":"https:\/\/sczernohorsky.hak-digital.at\/index.php?rest_route=%2Fwp%2Fv2%2Fmedia&parent=110"}],"wp:term":[{"taxonomy":"product_brand","embeddable":true,"href":"https:\/\/sczernohorsky.hak-digital.at\/index.php?rest_route=%2Fwp%2Fv2%2Fproduct_brand&post=110"},{"taxonomy":"product_cat","embeddable":true,"href":"https:\/\/sczernohorsky.hak-digital.at\/index.php?rest_route=%2Fwp%2Fv2%2Fproduct_cat&post=110"},{"taxonomy":"product_tag","embeddable":true,"href":"https:\/\/sczernohorsky.hak-digital.at\/index.php?rest_route=%2Fwp%2Fv2%2Fproduct_tag&post=110"}],"curies":[{"name":"wp","href":"https:\/\/api.w.org\/{rel}","templated":true}]}}