{"id":61,"date":"2026-01-08T16:58:31","date_gmt":"2026-01-08T15:58:31","guid":{"rendered":"https:\/\/sczernohorsky.hak-digital.at\/?page_id=61"},"modified":"2026-01-08T21:32:35","modified_gmt":"2026-01-08T20:32:35","slug":"startseite","status":"publish","type":"page","link":"https:\/\/sczernohorsky.hak-digital.at\/","title":{"rendered":"Startseite"},"content":{"rendered":"\n<div class=\"wp-block-group alignfull is-content-justification-center\" style=\"margin-top:0;margin-bottom:0;padding-top:calc( 0.5 * var(--wp--style--root--padding-right, var(--wp--custom--gap--horizontal)));padding-right:var(--wp--style--root--padding-right, var(--wp--custom--gap--horizontal));padding-bottom:calc( 0.5 * var(--wp--style--root--padding-right, var(--wp--custom--gap--horizontal)));padding-left:var(--wp--style--root--padding-left, var(--wp--custom--gap--horizontal))\"><div class=\"wp-block-group__inner-container is-layout-constrained wp-container-core-group-is-layout-b073b61b wp-block-group-is-layout-constrained\">\n<div style=\"height:calc( 0.25 * var(--wp--style--root--padding-right, var(--wp--custom--gap--horizontal)))\" aria-hidden=\"true\" class=\"wp-block-spacer\"><\/div>\n\n\n\n<div class=\"wp-block-columns alignwide is-layout-flex wp-container-core-columns-is-layout-087408a8 wp-block-columns-is-layout-flex\">\n<div class=\"wp-block-column is-layout-flow wp-block-column-is-layout-flow\">\n<div class=\"wp-block-group\" style=\"margin-bottom:10px\"><div class=\"wp-block-group__inner-container is-layout-flow wp-block-group-is-layout-flow\">\n<figure class=\"wp-block-gallery has-nested-images columns-default is-cropped wp-block-gallery-1 is-layout-flex wp-block-gallery-is-layout-flex\">\n<figure class=\"wp-block-image size-full\"><img loading=\"lazy\" decoding=\"async\" width=\"900\" height=\"1350\" data-id=\"150\" src=\"https:\/\/sczernohorsky.hak-digital.at\/wp-content\/uploads\/2026\/01\/Bluse-office.webp\" alt=\"\" class=\"wp-image-150\" srcset=\"https:\/\/sczernohorsky.hak-digital.at\/wp-content\/uploads\/2026\/01\/Bluse-office.webp 900w, https:\/\/sczernohorsky.hak-digital.at\/wp-content\/uploads\/2026\/01\/Bluse-office-200x300.webp 200w, https:\/\/sczernohorsky.hak-digital.at\/wp-content\/uploads\/2026\/01\/Bluse-office-683x1024.webp 683w, https:\/\/sczernohorsky.hak-digital.at\/wp-content\/uploads\/2026\/01\/Bluse-office-768x1152.webp 768w, https:\/\/sczernohorsky.hak-digital.at\/wp-content\/uploads\/2026\/01\/Bluse-office-600x900.webp 600w\" sizes=\"auto, (max-width: 900px) 100vw, 900px\" \/><\/figure>\n<\/figure>\n<\/div><\/div>\n\n\n\n<h3 class=\"wp-block-heading has-large-font-size\">Blusen vom Designer<\/h3>\n\n\n\n<p>Topmodern in die kommende Saison:<br><br>Pers\u00f6nliches Outfit punktet am Besten!<\/p>\n<\/div>\n\n\n\n<div class=\"wp-block-column is-layout-flow wp-block-column-is-layout-flow\">\n<div class=\"wp-block-group\" style=\"margin-bottom:10px\"><div class=\"wp-block-group__inner-container is-layout-flow wp-block-group-is-layout-flow\">\n<figure class=\"wp-block-image size-full\"><img loading=\"lazy\" decoding=\"async\" width=\"600\" height=\"400\" src=\"https:\/\/sczernohorsky.hak-digital.at\/wp-content\/uploads\/2026\/01\/Bluse.webp\" alt=\"\" class=\"wp-image-151\" style=\"aspect-ratio:4\/3;object-fit:cover\" srcset=\"https:\/\/sczernohorsky.hak-digital.at\/wp-content\/uploads\/2026\/01\/Bluse.webp 600w, https:\/\/sczernohorsky.hak-digital.at\/wp-content\/uploads\/2026\/01\/Bluse-300x200.webp 300w\" sizes=\"auto, (max-width: 600px) 100vw, 600px\" \/><\/figure>\n<\/div><\/div>\n\n\n\n<h3 class=\"wp-block-heading has-large-font-size\">Qualit\u00e4t und Frische<\/h3>\n\n\n\n<p>Frisch vom Designer f\u00fcr die Lady mit Anspruch!<br><br>Handselektiertes f\u00fcr den Anlass oder Casual Dates<\/p>\n<\/div>\n<\/div>\n\n\n\n<div style=\"height:calc( 0.25 * var(--wp--style--root--padding-right, var(--wp--custom--gap--horizontal)))\" aria-hidden=\"true\" class=\"wp-block-spacer\"><\/div>\n<\/div><\/div>\n\n\n\n<div class=\"wp-block-group alignfull is-content-justification-center\" style=\"margin-top:0;margin-bottom:0;padding-top:calc( 0.5 * var(--wp--style--root--padding-right, var(--wp--custom--gap--horizontal)));padding-right:var(--wp--style--root--padding-right, var(--wp--custom--gap--horizontal));padding-bottom:calc( 0.5 * var(--wp--style--root--padding-right, var(--wp--custom--gap--horizontal)));padding-left:var(--wp--style--root--padding-left, var(--wp--custom--gap--horizontal))\"><div class=\"wp-block-group__inner-container is-layout-constrained wp-container-core-group-is-layout-b073b61b wp-block-group-is-layout-constrained\">\n<div style=\"height:calc( 0.25 * var(--wp--style--root--padding-right, var(--wp--custom--gap--horizontal)))\" aria-hidden=\"true\" class=\"wp-block-spacer\"><\/div>\n\n\n\n<div style=\"height:calc( 0.25 * var(--wp--style--root--padding-right, var(--wp--custom--gap--horizontal)))\" aria-hidden=\"true\" class=\"wp-block-spacer\"><\/div>\n<\/div><\/div>\n\n\n\n<div class=\"wp-block-columns is-layout-flex wp-container-core-columns-is-layout-9d6595d7 wp-block-columns-is-layout-flex\"><\/div>\n","protected":false},"excerpt":{"rendered":"<p>Blusen vom Designer Topmodern in die kommende Saison: Pers\u00f6nliches Outfit punktet am Besten! Qualit\u00e4t und Frische Frisch vom Designer f\u00fcr die Lady mit Anspruch! Handselektiertes f\u00fcr den Anlass oder Casual Dates<\/p>\n","protected":false},"author":1,"featured_media":0,"parent":0,"menu_order":0,"comment_status":"closed","ping_status":"closed","template":"","meta":{"neve_meta_sidebar":"","neve_meta_container":"","neve_meta_enable_content_width":"","neve_meta_content_width":0,"neve_meta_title_alignment":"","neve_meta_author_avatar":"","neve_post_elements_order":"","neve_meta_disable_header":"","neve_meta_disable_footer":"","neve_meta_disable_title":"on","footnotes":""},"class_list":["post-61","page","type-page","status-publish","hentry"],"_links":{"self":[{"href":"https:\/\/sczernohorsky.hak-digital.at\/index.php?rest_route=\/wp\/v2\/pages\/61","targetHints":{"allow":["GET"]}}],"collection":[{"href":"https:\/\/sczernohorsky.hak-digital.at\/index.php?rest_route=\/wp\/v2\/pages"}],"about":[{"href":"https:\/\/sczernohorsky.hak-digital.at\/index.php?rest_route=\/wp\/v2\/types\/page"}],"author":[{"embeddable":true,"href":"https:\/\/sczernohorsky.hak-digital.at\/index.php?rest_route=\/wp\/v2\/users\/1"}],"replies":[{"embeddable":true,"href":"https:\/\/sczernohorsky.hak-digital.at\/index.php?rest_route=%2Fwp%2Fv2%2Fcomments&post=61"}],"version-history":[{"count":8,"href":"https:\/\/sczernohorsky.hak-digital.at\/index.php?rest_route=\/wp\/v2\/pages\/61\/revisions"}],"predecessor-version":[{"id":152,"href":"https:\/\/sczernohorsky.hak-digital.at\/index.php?rest_route=\/wp\/v2\/pages\/61\/revisions\/152"}],"wp:attachment":[{"href":"https:\/\/sczernohorsky.hak-digital.at\/index.php?rest_route=%2Fwp%2Fv2%2Fmedia&parent=61"}],"curies":[{"name":"wp","href":"https:\/\/api.w.org\/{rel}","templated":true}]}}